the prime factors of 3519557?
191, 18427
List the prime factors of 77606035.
5, 13, 1193939
List the prime factors of 41882126.
2, 11, 13, 23, 6367
What are the prime factors of 493003352?
2, 41, 1503059
List the prime factors of 2536084062.
2, 3, 140893559
List the prime factors of 17228604.
2, 3, 53, 103, 263
List the prime factors of 7483193977.
7, 17, 62883983
What are the prime factors of 4124722711?
19, 89, 2439221
List the prime factors of 4863501573.
3, 7, 19, 2741, 4447
What are the prime factors of 132463001?
11, 12042091
List the prime factors of 215104475.
5, 53, 162343
List the prime factors of 65418310.
2, 5, 6541831
List the prime factors of 5522148994.
2, 571, 1129, 4283
What are the prime factors of 531555671?
531555671
What are the prime factors of 33319319?
11, 163, 18583
List the prime factors of 2730368628.
2, 3, 13, 19, 5387
List the prime factors of 659704908.
2, 3, 54975409
List the prime factors of 168523357.
1889, 89213
What are the prime factors of 737444678?
2, 31, 173, 197, 349
List the prime factors of 594575132.
2, 19, 7823357
List the prime factors of 5293155632.
2, 17, 29, 671039
What are the prime factors of 978257818?
2, 489128909
List the prime factors of 2310393456.
2, 3, 7, 28297
What are the prime factors of 44903642?
2, 7, 1061, 3023
What are the prime factors of 6916665276?
2, 3, 64043197
List the prime factors of 1352755933.
1352755933
List the prime factors of 129995147.
129995147
What are the prime factors of 94691752?
2, 11836469
List the prime factors of 6420045747.
3, 2140015249
List the prime factors of 87428018.
2, 43714009
What are the prime factors of 305647293?
3, 7, 14554633
List the prime factors of 10696964.
2, 2674241
List the prime factors of 144838279.
144838279
List the prime factors of 50670184.
2, 1423, 4451
List the prime factors of 1257578188.
2, 89, 3532523
What are the prime factors of 82107560?
2, 5, 2052689
What are the prime factors of 1078929875?
5, 61, 141499
What are the prime factors of 1720639225?
5, 89, 8689
List the prime factors of 1147854006.
2, 3, 13, 257, 19087
List the prime factors of 2520797161.
37, 68129653
What are the prime factors of 258683778?
2, 3, 31, 53, 8747
List the prime factors of 1418031729.
3, 31, 5082551
What are the prime factors of 527665845?
3, 5, 7, 5025389
List the prime factors of 27413019.
3, 643, 1579
What are the prime factors of 790753970?
2, 5, 19, 1831, 2273
List the prime factors of 13111473.
3, 1019, 4289
What are the prime factors of 25476232?
2, 3184529
What are the prime factors of 19902887?
19902887
List the prime factors of 324629353.
1163, 279131
What are the prime factors of 164904908?
2, 7, 5889461
What are the prime factors of 2316946372?
2, 13, 4231, 10531
List the prime factors of 331444946.
2, 7, 43, 401, 1373
What are the prime factors of 513104910?
2, 3, 5, 17103497
What are the prime factors of 35227266?
2, 3, 5871211
List the prime factors of 312334530.
2, 3, 5, 839, 12409
What are the prime factors of 4968147528?
2, 3, 29, 149, 5323
What are the prime factors of 1210848800?
2, 5, 7, 17, 23, 79
What are the prime factors of 2584689779?
7, 52748771
What are the prime factors of 52335845?
5, 103, 151, 673
What are the prime factors of 874359458?
2, 7, 1471, 42457
What are the prime factors of 86229308?
2, 11, 431, 4547
What are the prime factors of 69303650?
2, 5, 13, 106621
List the prime factors of 424577996.
2, 106144499
What are the prime factors of 425004083?
7, 71, 173, 4943
What are the prime factors of 388268555?
5, 7537, 10303
List the prime factors of 54107699.
54107699
What are the prime factors of 62481356?
2, 7, 2231477
List the prime factors of 1995599006.
2, 101, 107, 127, 727
What are the prime factors of 1041245876?
2, 11, 23664679
What are the prime factors of 923146563?
3, 17, 2417, 7489
What are the prime factors of 87625013?
7, 43, 291113
List the prime factors of 1388801578.
2, 107, 211, 30757
List the prime factors of 51662889.
3, 5740321
What are the prime factors of 1250414671?
11, 59, 83, 139, 167
List the prime factors of 20359795.
5, 17, 239527
What are the prime factors of 167032087?
167032087
List the prime factors of 210924605.
5, 19, 23, 37, 2609
List the prime factors of 624293804.
2, 331, 471521
What are the prime factors of 1320949246?
2, 29, 31, 251, 2927
List the prime factors of 285183812.
2, 1013, 70381
List the prime factors of 84096020.
2, 5, 1097, 3833
What are the prime factors of 10447148?
2, 53, 49279
List the prime factors of 350255188.
2, 87563797
What are the prime factors of 95834898?
2, 3, 19, 280219
List the prime factors of 118237779.
3, 11, 19, 23, 911
What are the prime factors of 1933180032?
2, 3, 7, 719189
List the prime factors of 456276131.
456276131
What are the prime factors of 1398436385?
5, 19, 774757
What are the prime factors of 1537826479?
7, 457, 647, 743
List the prime factors of 767156656.
2, 7, 509, 13457
What are the prime factors of 542032222?
2, 8059, 33629
What are the prime factors of 17586889?
31, 567319
What are the prime factors of 107745088?
2, 11, 31, 4937
What are the prime factors of 7052889?
3, 67, 35089
List the prime factors of 32706532.
2, 59, 138587
List the prime factors of 331669327.
11, 2689, 11213
List the prime factors of 2117829.
3, 7, 14407
List the prime factors of 86276932.
2, 7, 3081319
List the prime factors of 261255885.
3, 5, 11, 1583369
What are the prime factors of 483956472?
2, 3, 20164853
List the prime factors of 184887379.
31, 443, 13463
List the prime factors of 1955698777.
1955698777
List the prime factors of 182498695.
5, 36499739
What are the prime factors of 97486810?
2, 5, 9748681
What are the prime factors of 199838495?
5, 39967699
What are the prime factors of 254952629?
59, 4321231
What are the prime factors of 1159005254?
2, 11, 52682057
List the prime factors of 2098660103.
31, 71, 953503
What are the prime factors of 3948107893?
3948107893
What are the prime factors of 1288003960?
2, 5, 83, 387953
What are the prime factors of 1937981054?
2, 223, 4345249
List the prime factors of 6630823.
97, 197, 347
List the prime factors of 3761323440.
2, 3, 5, 7, 17, 61, 127
What are the prime factors of 6688901722?
2, 23, 43, 78643
List the prime factors of 18782839.
18782839
What are the prime factors of 34255672?
2, 11, 389269
List the prime factors of 2119726685.
5, 17, 997, 25013
What are the prime factors of 3053163906?
2, 3, 13, 29, 449921
List the prime factors of 80728186.
2, 7, 11, 74887
List the prime factors of 2348670187.
2348670187
What are the prime factors of 30549628?
2, 7637407
What are the prime factors of 54137768?
2, 23, 294227
What are the prime factors of 265140950?
2, 5, 5302819
What are the prime factors of 469565813?
71, 6613603
List the prime factors of 239359838.
2, 119679919
What are the prime factors of 6314059643?
6314059643
List the prime factors of 751997572.
2, 12433, 15121
What are the prime factors of 383202025?
5, 43, 356467
What are the prime factors of 564998185?
5, 269, 420073
What are the prime factors of 1607444638?
2, 491, 1636909
What are the prime factors of 18606603?
3, 29, 31, 6899
List the prime factors of 72896954.
2, 13, 43, 65203
What are the prime factors of 69245031?
3, 23081677
What are the prime factors of 123991924?
2, 7, 4428283
What are the prime factors of 44393309?
103, 293, 1471
What are the prime factors of 346201388?
2, 13, 1877, 3547
List the prime factors of 6710031.
3, 193, 3863
What are the prime factors of 48092364?
2, 3, 1335899
What are the prime factors of 150233608?
2, 7, 19, 23, 877
List the prime factors of 565665131.
19, 53, 561733
What are the prime factors of 7648879?
7, 181, 6037
List the prime factors of 29192377.
151, 193327
What are the prime factors of 893410514?
2, 19, 31, 61, 12433
List the prime factors of 4129699046.
2, 11, 187713593
List the prime factors of 560345725.
5, 2267, 9887
What are the prime factors of 2454776413?
2454776413
List the prime factors of 265224431.
23, 47, 107, 2293
List the prime factors of 30636197.
30636197
What are the prime factors of 20972380?
2, 5, 11, 13, 7333
What are the prime factors of 445525666?
2, 29, 43, 178639
What are the prime factors of 171310940?
2, 5, 109, 78583
List the prime factors 